2 - 19*m + 13. Suppose 5*r + 6*n = 3*n + 3, 2*r + 4*n + 10 = 0. Let q be (39 - 6)*1/r. What is the remainder when l(q) is divided by 26?
20
Suppose 5*m - 3*m - 130 = z, 3*m = -4*z - 487. Suppose -79 - 190 - 2283 = -116*j. What is the remainder when 1/(z/(-41) + -3) is divided by j?
19
Suppose -2*x - d = -35, 3*x - 3*d - 50 = -2*d. What is the remainder when x is divided by (8 - ((-138)/(-9))/2)*30?
7
Let n be -3 - (56/(-3))/((-6)/(-27)). Let i = n - 94. Let j = i + 38. What is the remainder when j is divided by 9?
7
Let r = -18386 + 20124. Calculate the remainder when r is divided by 116.
114
Let y = 7638 + -7334. Calculate the remainder when 328 is divided by y.
24
Let r = -857 - -785. Calculate the remainder when 215 is divided by 15/((-30)/6) - r/2.
17
Let g = -2885 + 2947. What is the remainder when 4648 is divided by g?
60
Let s = -5754 - -6047. Calculate the remainder when 1234 is divided by s.
62
Let v = -73 - -77. Suppose 3*g - 592 = -v*x + 45, 301 = 2*x + 5*g. Calculate the remainder when x is divided by 33.
31
Suppose 0 = -3*r + 2*b + 225, 142 = r + r - 4*b. Let i(d) = -11 + 26 - 2*d + 11 + d**3 + d**2. Calculate the remainder when r is divided by i(0).
25
Suppose -23 = -r + 5*m + 3, -4*m = -4*r + 88. What is the remainder when 2683 is divided by r?
16
Suppose -4*b = b - 15. Suppose 0 = -b*v + 4*v - 63. Suppose 17*t = 20*t - v. What is the remainder when 38 is divided by t?
17
Let b = 401 + -304. Suppose 490 = 4*t + c - b, -4*t = -5*c - 569. What is the remainder when t is divided by 21?
20
Let t(z) = -41*z + 19. Let w = 201 + -109. What is the remainder when w is divided by t(0)?
16
Let r = 9 + 7. Suppose -2*d - 3*d + 3987 = 2*z, -3*d + 2393 = 2*z. Let n = -721 + d. Calculate the remainder when n is divided by r.
12
Let z be 1 - (1 + 3) - -12243. Let n be ((-3)/(-6))/(5/z). What is the remainder when 2/5 + n/40 is divided by 16?
15
Let p be 2/5 + 16/10. Let x be -2 + 113 - (-1)/(p/4). Suppose -5*h = x - 668. Calculate the remainder when h is divided by 28.
27
Let q be 12/18*3/1*3. Suppose p - 3*o = 16, 4*p - 2*o - 70 = -q. Let b(j) = 13*j - 34. Calculate the remainder when b(11) is divided by p.
13
Let c = -4123 + 4131. What is the remainder when 133 is divided by c?
5
Suppose -39626*q - 3498 = -39648*q. What is the remainder when q is divided by 1/(-4) + (-426)/(-8)?
0
Let r(j) = 3*j**3 - 11*j**2 + 3*j - 10. Let c be r(6). What is the remainder when 45 is divided by (-4)/12 - c/(-15)?
11
Let h(j) = -4*j**3 + 14*j**2 - 21*j - 3. Let b(q) = -3*q**3 + 13*q**2 - 20*q - 4. Let x(f) = -3*b(f) + 2*h(f). What is the remainder when x(9) is divided by 5?
1
Let f = 5786 - 5604. Calculate the remainder when f is divided by 21.
14
Suppose 3*p - 24*p = -1323. Calculate the remainder when 227 is divided by p.
38
Let g = 170 + -103. Let s = -40 + g. Calculate the remainder when s is divided by 7*(-45)/(-63) - (-1 + 1).
2
Let g(n) = -4*n**3 + 47*n**2 + 191. What is the remainder when 1831 is divided by g(12)?
45
Let x be 2086/294 - (-4)/(-42). Let b(j) = -j - 19. Let y be b(x). What is the remainder when 94 is divided by (-8)/(-52) + (-490)/y?
18
Let h be (-150)/20*48/10. Let k be (621/h)/((-2)/8). What is the remainder when k*(-1 - 10/(-6)) is divided by 18?
10
Suppose 12*w = -943 + 2995. Suppose 20 = 5*u, n + 8*u - 3*u - 55 = 0. Calculate the remainder when w is divided by n.
31
Suppose x - 3*x - 134 = 0. Let k be (-1 - (-363)/12)*7/(35/20). Let m = k + x. Calculate the remainder when m is divided by 17.
16
What is the remainder when (18/(-36) - (-3)/(-2)) + (-88696)/(-4) is divided by 48?
44
Let f(u) = 4*u + 15. Let t be f(-2). Suppose 2*m = 11 - t. Suppose -m*h + 49 = 3*h + 4*x, 3*x = h - 6. Calculate the remainder when 31 is divided by h.
4
Let h = 19893 - 19783. What is the remainder when 1449 is divided by h?
19
Let w(q) = -8*q**2 + 201*q + 190. What is the remainder when 964 is divided by w(26)?
4
Let t(i) = -8*i + 61. Let f be t(-8). Let j = -110 + f. Calculate the remainder when 47 is divided by j.
2
Suppose -46535 = -29*q - 12*q. Calculate the remainder when q is divided by 4.
3
Let d(j) = -1. Let h(x) = -x**2 + 20*x - 30. Let c(k) = 2*k - 29. Let b be c(13). Let o(r) = b*d(r) + h(r). What is the remainder when 107 is divided by o(16)?
33
Let g = 4083 - 4019. What is the remainder when 318 is divided by g?
62
Let k(o) = -o + 5*o + 5*o + 3*o - 6 - 21*o. Suppose -3*g - 3 = 5*y - 4, g + 3*y - 3 = 0. What is the remainder when k(g) is divided by 13?
8
Suppose -2*s = -2*i + 66, 3*s + 2*i + 137 = -2*s. Let m = s + 58. What is the remainder when m is divided by 10?
9
What is the remainder when 30 is divided by 5 + -9 - 20/(-30)*(-69)/(-2)?
11
Let b(t) = -2*t**3 + 2*t**2 + 77*t + 261. What is the remainder when b(-10) is divided by 121?
118
Let m(n) = 4*n + 218. Let b = -95 - -112. Calculate the remainder when m(-48) is divided by b.
9
Let f(x) = 22*x - 47. Let w be (32/(-3))/(1 - (-40)/(-24)). Suppose -2*h = 3*z - w, 4*z - 6*h + h - 52 = 0. What is the remainder when f(z) is divided by 33?
30
Let v be 707 + (-12)/((-42)/(-7)). Suppose -385 = -2*d + 5*r, 2*d - 3*r = 6*d - v. Calculate the remainder when d is divided by 26.
24
What is the remainder when (-187)/2*(-4224)/3872 is divided by 30?
12
Suppose 2*y - 3*l + l = 34, -3*y + 23 = 4*l. Suppose 0 = -5*d - 5*q, 5*d - 2*q - 2*q - 9 = 0. Let u = d - -2. What is the remainder when y is divided by u?
1
Let z = 3 - -3. Suppose 159 = 11*q + 181. Calculate the remainder when 9 is divided by z + -3 + q + 2.
0
Suppose -171*o = -169*o + j - 3, -o + 3*j + 5 = 0. What is the remainder when 62 is divided by o?
0
Calculate the remainder when 177 is divided by (((-12)/(-30))/((-2)/(-450)))/2.
42
Let v(o) = -2*o + 9. Let l be v(2). What is the remainder when 127/l + (-18)/(-30) is divided by (-12)/(-30) - (-43)/5?
8
Suppose -5*k + c = -41, 2*k - 3*k = -2*c - 10. Suppose 0 = -6*z + z - 5, z = -5*w + 369. What is the remainder when w is divided by k?
2
Calculate the remainder when 147 is divided by 0 + (-3)/(-6)*(-3 + -917)/(-4).
32
Suppose 310*w = 787*w - 100647. Calculate the remainder when w is divided by 2*(-2)/(12/(-129)).
39
Let k(b) = 2*b**3 - 13*b**2 - 14*b + 235. Calculate the remainder when k(8) is divided by 173.
142
Let i be ((-15)/(-6))/(-5) - (-9)/2. Suppose -188 = -4*n + 5*f - 9*f, i*f = 3*n - 106. Calculate the remainder when 165 is divided by n.
39
Suppose -p - 55 = -4*u, 0 = -p - 4*u - 6 - 9. Calculate the remainder when 63 is divided by (-2)/((-16)/114) + p/140.
7
Suppose y - 28 = -4. Let x = y + -12. Let d(h) = -180*h - 2305. Calculate the remainder when d(-13) is divided by x.
11
Suppose 0 = d + 2*d - 219. Let k(y) = y**2 - 7*y + 11. Let j be k(6). Suppose 268 = j*i + 78. What is the remainder when d is divided by i?
35
Suppose 31*z - 34*z = -2*q + 757, 4*q = -4*z + 1464. What is the remainder when q is divided by 32?
19
Let w(s) = 15*s**3 - 74*s**2 + 100*s - 519. Let g(r) = 2*r - 2. What is the remainder when w(5) is divided by g(4)?
0
Let j(t) = 79*t - 3432. What is the remainder when 8359 is divided by j(44)?
43
Let m = -3527 + 4270. Calculate the remainder when m is divided by 76.
59
Let s(x) = -x**3 - 9*x**2 - 19*x + 178. What is the remainder when s(-8) is divided by 64?
10
Let t(j) = j**2 - 32*j - 58. Let z be -14*2*(-10)/8. Calculate the remainder when 139 is divided by t(z).
45
Suppose -26164 = -2141*g + 2017*g. Suppose 3*c - 42 = -5*i - 0*c, 34 = 4*i + 2*c. What is the remainder when g is divided by i?
4
Let l be 1/4 - 2581/116. Let k = l - -28. Suppose -161 = -k*j + 7. What is the remainder when 138 is divided by j?
26
Suppose 0 = 5*p - 0*g - g - 22, -4*g = 8. Let z be (1770/96*p)/(1/24). Suppose -9*i - 6*i + z = 0. What is the remainder when i is divided by 24?
22
Suppose 277*u - 274*u - 4*y + 4 = 0, 2*y = -u + 12. Let l = -4 + 6. What is the remainder when l*-2 - -2 - -10 is divided by u?
0
Let o = 33 - -133. Let w = 7879 - 7858. What is the remainder when o is divided by w?
19
Let i be (-3 + -3)/((4/13)/(-2)). Let o(x) = -2*x**3 + 2*x**2 + x - 5. Let f be o(3). Let s = f + i. What is the remainder when 7 is divided by s?
0
Let q = 13086 + -6987. What is the remainder when q is divided by 18?
15
Let h = -272 + 274. Calculate the remainder when h/(-14) - 3/((-21)/407) is div